{"id":868,"date":"2015-05-05T08:54:59","date_gmt":"2015-05-05T08:54:59","guid":{"rendered":"http:\/\/gsacra.uni-goettingen.de\/?page_id=868"},"modified":"2015-07-17T10:33:34","modified_gmt":"2015-07-17T10:33:34","slug":"heidenreich-1287-129091","status":"publish","type":"page","link":"https:\/\/gsacra.uni-goettingen.de\/?page_id=868","title":{"rendered":"Heidenreich. 1287-1290\/91"},"content":{"rendered":"<p>Zuvor Dompropst von Brandenburg s. S. 115, gew\u00e4hlt und geweiht unmittelbar nach dem Tode seines Vorg\u00e4ngers, urkundet bereits 1287 Juni 23 (A VIII 176 Nr. 110). Mitte Dez. 1289 nimmt er am Empfang K\u00f6nig Rudolfs in Erfurt teil (Ellenhardi Chronicon MGH. SS. XVII 132). H. ist zuletzt 1290 Febr. 26 nachweisbar (A XVIII 64); gestorben ist er wahrscheinlich Ende 1291, ein p\u00e4pstliches Mandat an den Dompropst von Brandenburg von 1292 Jan. 5 tut der Vakanz des Bistums Erw\u00e4hnung (Krabbo. Regg. d. Markgfn. v. Brand. Nr. 1533).<\/p>\n<p>Siegel: spitzoval, im Siegelfelde der stehende Bischof, die Rechte erhoben, in der Linken den Krummstab. Umschrift: \u2020 HEIDERICVS DEI GRACIA BRANDBVRGENSIS EPS (G. St. A Urk. Kl. Seehausen 5, Abb. in Kunstdenkm. II 3, XVI Abb. VIII).<\/p>\n<p>In: <a href=\"http:\/\/personendatenbank.germania-sacra.de\/books\/findpage\/AFI,1929\/34\">Abb, Gustav \/Wentz, Gottfried, Das Bistum Brandenburg 1 (Germania Sacra A. F. Abt. 1), Berlin 1929, S. 34<\/a>.<\/p>\n<p>Detailinformationen im Digitalen Personenregister der Germania Sacra: \u201eHeidenreich\u201c (GSN: 063-00646-001), in: Germania Sacra,<a href=\"http:\/\/personendatenbank.germania-sacra.de\/index\/gsn\/063-00646-001\" target=\"_blank\">http:\/\/personendatenbank.germania-sacra.de\/index\/gsn\/063-00646-001<\/a> (Abgerufen: 05.05.2015).<\/p>\n<p>&nbsp;<\/p>\n<p><i>Beziehungen zu anderen Personen:\u00a0<\/i><\/p>\n<ul>\n<li>Rudolf I. von Habsburg (K\u00f6nig Heiliges R\u00f6misches Reich), (GND:\u00a0<a href=\"http:\/\/d-nb.info\/gnd\/11860371X\">http:\/\/d-nb.info\/gnd\/11860371X<\/a>) (DB:\u00a0<a href=\"http:\/\/www.deutsche-biographie.de\/ppn11860371X.html\">http:\/\/www.deutsche-biographie.de\/ppn11860371X.html<\/a>)<\/li>\n<\/ul>\n<div class='kindleWidget kindleLight' ><img decoding=\"async\" src=\"https:\/\/gsacra.uni-goettingen.de\/wordpress-4.1-de_DE\/wordpress\/wp-content\/plugins\/send-to-kindle\/media\/white-15.png\" \/><span>Send to Kindle<\/span><\/div>","protected":false},"excerpt":{"rendered":"<p>Zuvor Dompropst von Brandenburg s. S. 115, gew\u00e4hlt und geweiht unmittelbar nach dem Tode seines Vorg\u00e4ngers, urkundet bereits 1287 Juni 23 (A VIII 176 Nr. 110). Mitte Dez. 1289 nimmt er am Empfang K\u00f6nig Rudolfs in Erfurt teil (Ellenhardi Chronicon &hellip; <a href=\"https:\/\/gsacra.uni-goettingen.de\/?page_id=868\">Weiterlesen <span class=\"meta-nav\">&rarr;<\/span><\/a><\/p>\n","protected":false},"author":30,"featured_media":0,"parent":1730,"menu_order":31,"comment_status":"closed","ping_status":"closed","template":"","meta":{"footnotes":""},"tags":[8,38,672,386,696],"class_list":["post-868","page","type-page","status-publish","hentry","tag-bischof","tag-brandenburg","tag-dompropst-brandenburg","tag-erfurt","tag-krummstab"],"_links":{"self":[{"href":"https:\/\/gsacra.uni-goettingen.de\/index.php?rest_route=\/wp\/v2\/pages\/868","targetHints":{"allow":["GET"]}}],"collection":[{"href":"https:\/\/gsacra.uni-goettingen.de\/index.php?rest_route=\/wp\/v2\/pages"}],"about":[{"href":"https:\/\/gsacra.uni-goettingen.de\/index.php?rest_route=\/wp\/v2\/types\/page"}],"author":[{"embeddable":true,"href":"https:\/\/gsacra.uni-goettingen.de\/index.php?rest_route=\/wp\/v2\/users\/30"}],"replies":[{"embeddable":true,"href":"https:\/\/gsacra.uni-goettingen.de\/index.php?rest_route=%2Fwp%2Fv2%2Fcomments&post=868"}],"version-history":[{"count":8,"href":"https:\/\/gsacra.uni-goettingen.de\/index.php?rest_route=\/wp\/v2\/pages\/868\/revisions"}],"predecessor-version":[{"id":2152,"href":"https:\/\/gsacra.uni-goettingen.de\/index.php?rest_route=\/wp\/v2\/pages\/868\/revisions\/2152"}],"up":[{"embeddable":true,"href":"https:\/\/gsacra.uni-goettingen.de\/index.php?rest_route=\/wp\/v2\/pages\/1730"}],"wp:attachment":[{"href":"https:\/\/gsacra.uni-goettingen.de\/index.php?rest_route=%2Fwp%2Fv2%2Fmedia&parent=868"}],"wp:term":[{"taxonomy":"post_tag","embeddable":true,"href":"https:\/\/gsacra.uni-goettingen.de\/index.php?rest_route=%2Fwp%2Fv2%2Ftags&post=868"}],"curies":[{"name":"wp","href":"https:\/\/api.w.org\/{rel}","templated":true}]}}