{"id":464,"date":"2015-04-28T09:22:17","date_gmt":"2015-04-28T09:22:17","guid":{"rendered":"http:\/\/gsacra.uni-goettingen.de\/?page_id=464"},"modified":"2015-07-17T09:42:57","modified_gmt":"2015-07-17T09:42:57","slug":"hartbert-vor-1102-112225","status":"publish","type":"page","link":"https:\/\/gsacra.uni-goettingen.de\/?page_id=464","title":{"rendered":"Hartbert. vor 1102-1122\/25"},"content":{"rendered":"<p>Geweiht von Erzbischof Hartwig vor 1102 Juni 17 (Gesta archiepp.: Magd. MGH. SS. XIV 406). 1107 erscheint er als Weihbischof in der Mainzer Di\u00f6zese, als welcher er eine Kirche zu Medenbach im Taunus weiht (Sauer, Nassau. UB. I 88 Nr. 155), 1108 Aug. 8 Zeuge in einer zu Hildesheim ausgestellten Urkunde (UB. d. Hochst. Hildesheim I 152 Nr. 166). Ungef\u00e4hr gleichzeitig ruft er gemeinsam mit den Bisch\u00f6fen der magdeb. Kirchenprovinz und den weltlichen Herren Ostsachsens zu einem gemein-<\/p>\n<p>[Seite 24]<\/p>\n<p>samen Kreuzzuge gegen die Wenden auf (N. Arch. VII [1882] 624-626). Bald darauf unternimmt er von sich aus pers\u00f6nlich den ersten Missionsversuch und baut (c. 1109-1111) die Holzkirche in Leitzkau. 1112 ist er wieder als Weihbischof in Mitteldeutschland t\u00e4tig, wo er Sept. 8 ein Oratorium im Kloster Herrenbreitungen weiht (Dobenecker, Regg. hist. Thuring. I 229 Nr. 1084). Darauf setzt der Bischof das begonnene Missionswerk in seiner Di\u00f6zese fort und baut etwa 1113-1114 die Steinkirche zu Leitzkau (s. Curschmanns Interpretation der Urk. v. 1114, Di\u00f6z. Brand. 74 f.). Im Juni 1119 nimmt er teil an dem Begr\u00e4bnis des Erzbischofs Adelgoz (Gesta archiepp. Magd. MGH. SS. XIV 410), Febr. (?) 1122 erscheint er am kaiserlichen Hofe Heinrichs V. in W\u00fcrzburg (Mon. Boica XXIX 1, 242, St. 3172). Sp\u00e4ter begegnet er nicht mehr. Das Datum seines Todes ist unbekannt.<\/p>\n<p>In: <a href=\"http:\/\/personendatenbank.germania-sacra.de\/books\/findpage\/AFI,1929\/23\">Abb, Gustav \/Wentz, Gottfried, Das Bistum Brandenburg 1 (Germania Sacra A. F. Abt. 1), Berlin 1929, S. 23-24. <\/a><\/p>\n<hr \/>\n<p>Detailinformationen im Digitalen Personenregister der Germania Sacra: \u201eHartbert\u201c (GSN: 002-01465-001), in: Germania Sacra, <a href=\"http:\/\/personendatenbank.germania-sacra.de\/index\/gsn\/002-01465-001\" target=\"_blank\">http:\/\/personendatenbank.germania-sacra.de\/index\/gsn\/002-01465-001<\/a> (Abgerufen: 28.04.2015).<\/p>\n<hr \/>\n<p><em>Beziehungen zu anderen Personen:\u00a0<\/em><\/p>\n<ul>\n<li>Hartwig von Magdeburg (Erzbischof) (GND:\u00a0<a href=\"http:\/\/d-nb.info\/gnd\/137525710\">http:\/\/d-nb.info\/gnd\/137525710<\/a>)<\/li>\n<li>Heinrich V. (Kaiser) (GND:\u00a0<a href=\"http:\/\/d-nb.info\/gnd\/11854828X\">http:\/\/d-nb.info\/gnd\/11854828X<\/a>)<\/li>\n<li>Adelgoz von Magdeburg (Erzbischof)<\/li>\n<\/ul>\n<div class='kindleWidget kindleLight' ><img decoding=\"async\" src=\"https:\/\/gsacra.uni-goettingen.de\/wordpress-4.1-de_DE\/wordpress\/wp-content\/plugins\/send-to-kindle\/media\/white-15.png\" \/><span>Send to Kindle<\/span><\/div>","protected":false},"excerpt":{"rendered":"<p>Geweiht von Erzbischof Hartwig vor 1102 Juni 17 (Gesta archiepp.: Magd. MGH. SS. XIV 406). 1107 erscheint er als Weihbischof in der Mainzer Di\u00f6zese, als welcher er eine Kirche zu Medenbach im Taunus weiht (Sauer, Nassau. UB. I 88 Nr. &hellip; <a href=\"https:\/\/gsacra.uni-goettingen.de\/?page_id=464\">Weiterlesen <span class=\"meta-nav\">&rarr;<\/span><\/a><\/p>\n","protected":false},"author":32,"featured_media":0,"parent":1730,"menu_order":11,"comment_status":"closed","ping_status":"closed","template":"","meta":{"footnotes":""},"tags":[8,738,38,716,480,256],"class_list":["post-464","page","type-page","status-publish","hentry","tag-bischof","tag-bistum-mainz","tag-brandenburg","tag-erzbischof-magdeburg","tag-kaiser-heinrich-v","tag-kloster-herrenbreitungen"],"_links":{"self":[{"href":"https:\/\/gsacra.uni-goettingen.de\/index.php?rest_route=\/wp\/v2\/pages\/464","targetHints":{"allow":["GET"]}}],"collection":[{"href":"https:\/\/gsacra.uni-goettingen.de\/index.php?rest_route=\/wp\/v2\/pages"}],"about":[{"href":"https:\/\/gsacra.uni-goettingen.de\/index.php?rest_route=\/wp\/v2\/types\/page"}],"author":[{"embeddable":true,"href":"https:\/\/gsacra.uni-goettingen.de\/index.php?rest_route=\/wp\/v2\/users\/32"}],"replies":[{"embeddable":true,"href":"https:\/\/gsacra.uni-goettingen.de\/index.php?rest_route=%2Fwp%2Fv2%2Fcomments&post=464"}],"version-history":[{"count":4,"href":"https:\/\/gsacra.uni-goettingen.de\/index.php?rest_route=\/wp\/v2\/pages\/464\/revisions"}],"predecessor-version":[{"id":1260,"href":"https:\/\/gsacra.uni-goettingen.de\/index.php?rest_route=\/wp\/v2\/pages\/464\/revisions\/1260"}],"up":[{"embeddable":true,"href":"https:\/\/gsacra.uni-goettingen.de\/index.php?rest_route=\/wp\/v2\/pages\/1730"}],"wp:attachment":[{"href":"https:\/\/gsacra.uni-goettingen.de\/index.php?rest_route=%2Fwp%2Fv2%2Fmedia&parent=464"}],"wp:term":[{"taxonomy":"post_tag","embeddable":true,"href":"https:\/\/gsacra.uni-goettingen.de\/index.php?rest_route=%2Fwp%2Fv2%2Ftags&post=464"}],"curies":[{"name":"wp","href":"https:\/\/api.w.org\/{rel}","templated":true}]}}